4)?
2, 8933
Let r(o) = 201*o**2 - 12*o - 144. What are the prime factors of r(-6)?
2, 3, 199
Let i(y) = 20*y**2 + 48*y - 8. Let b be i(-6). Let t = b - 91. What are the prime factors of t?
3, 37
Suppose -5*f - 2*o = -23, -3*f + 10 = -0*f + 5*o. List the prime factors of (576/12 - (-1 - -4))*f.
3, 5
Let c = 48 + -48. Suppose -z + 162 - 51 = c. Suppose 24*x - 23*x = z. What are the prime factors of x?
3, 37
Suppose 3*q + 5*s + 27 = 0, 5*s + 23 = 2*q - 4*q. List the prime factors of (-50055)/(-135) - q/18.
7, 53
Let y = 22390 + -12611. List the prime factors of y.
7, 11, 127
Let h(t) = t + 9. Let y be h(-6). Suppose -5*q - 110 = -5*x - 0*q, -82 = -y*x - 5*q. What are the prime factors of x?
2, 3
Let p = 2671 + -95. List the prime factors of p.
2, 7, 23
Let d(r) = r**3 + 4*r**2 - 3*r + 11. Let f be d(-5). Let m be (f + -2)/((-2)/122). Suppose -2*x + m - 3 = 0. List the prime factors of x.
29
Let d = 35 + 161. What are the prime factors of (-9)/(315/d)*-150?
2, 3, 5, 7
Let m = 1107 + -518. Let u = m + -387. What are the prime factors of u?
2, 101
Let u = 18164 + -12734. Suppose 4*v - u = 2*o, 5*v = 7*v - 2*o - 2716. What are the prime factors of v?
23, 59
Let k = 61 + -70. Let p = -13 - k. List the prime factors of 10307/55 - p/(-10).
11, 17
Let s = 11983 + -3531. List the prime factors of s.
2, 2113
Suppose -2*k - 4*s + 1527 = -5*s, -5*k + 2*s + 3816 = 0. Suppose 24*p = 22*p + 4. List the prime factors of (4/(-48)*-4)/(p/k).
127
Suppose -39518 = 133*g - 223*g + 2572012. List the prime factors of g.
29017
Let k(m) = -7*m**3 - m**2 - 13*m - 30. Let o(i) = 3*i**3 + i**2 + 7*i + 15. Let c(h) = -2*k(h) - 5*o(h). List the prime factors of c(-6).
3, 7
Let w(y) = -1 - 7*y - 313*y + 0. What are the prime factors of w(-1)?
11, 29
Let l be 6/(-36) - 25/(-6). Suppose 2*n + 220 = q + n, l*n = -q + 225. Suppose -3*k = 2*z - 633, k - 4*z + 8*z = q. List the prime factors of k.
11, 19
Suppose -3*w + 27*h - 23*h - 118347 = 0, -2*w + 2*h = 78896. List the prime factors of 1/(5*(-7)/w).
7, 23
Let j(l) = l**3 - 37*l**2 + 16*l + 36. Let c(p) = 2*p**3 - 73*p**2 + 32*p + 70. Let h(x) = 2*c(x) - 5*j(x). List the prime factors of h(38).
2, 199
Let f(n) = n**3 - 14*n**2 - 2*n + 33. Let s be f(14). Suppose -s*b + 286 = -1854. List the prime factors of b.
2, 107
What are the prime factors of (3 - (-6942)/(-4))*6*(-2 + 1)?
3, 5, 7, 11
Suppose -8285 = -35*m + 34*m. What are the prime factors of m?
5, 1657
Suppose -13734 = 3*x - 21*x. Suppose 5*s - 12*s = -x. List the prime factors of s.
109
Suppose -1003418 - 226162 = -15*b. Suppose -b = -39*v - 15*v. List the prime factors of v.
2, 3, 11, 23
Let s be (-16)/(-10) - ((-36)/(-10) - 4). Suppose t + 0*t - s = 0. Suppose m = j + 1 - 138, t*j + 2*m = 262. List the prime factors of j.
2, 67
Let k be -4904*(8 + -2 - 8). What are the prime factors of (4/(-5))/(-4) - k/(-10)?
3, 109
Let m = 43 + 25. Let f = m + -70. What are the prime factors of (-389)/(-2) - f/4?
3, 5, 13
Let x(m) = 7*m**2 - 24*m + 289. List the prime factors of x(-32).
5, 7, 47
Let o = -18373 + 25994. List the prime factors of o.
7621
Let q be ((-115)/(-69))/((-5)/(-6)). Let k be (-1)/q + 17/2 - -3. Suppose 0 = k*g - 12*g + 138. What are the prime factors of g?
2, 3, 23
Suppose 8*y = 7*y + 4. Suppose -b + 121 = -5*f, -y*f + 13 = -3*b + 112. Let w = 36 + f. What are the prime factors of w?
2, 3
Let z(y) = 6*y - 22 + 3 - 11 - 30*y. List the prime factors of z(-23).
2, 3, 29
Suppose -2*a + 288 = -4*t, 2*t = 5*t + 9. Let r be 0/(-1) + (-3 - 64). Let j = r + a. List the prime factors of j.
71
Let g = 21 + -10. Suppose -g*i - 1752 = -15*i. Suppose 5*v = -x + 123, -6*x + 2*v = -10*x + i. List the prime factors of x.
2, 3
Let g be ((-15)/(-4))/(18/(-16))*-3. List the prime factors of (-160)/(-200) + 192/g.
2, 5
Let s(t) = 12*t**3 + t**2 - 2*t - 3. Let z be s(-1). Let a = z - -66. Let n = a - 5. List the prime factors of n.
7
Let i(h) = -5*h + 4. Let v be i(0). Suppose 726 = -4*c - 2*q, 222 + 132 = -2*c - v*q. Let f = -62 - c. What are the prime factors of f?
11
Let u(z) = -z**3 + 31*z**2 + 31*z + 34. Let w be u(32). Suppose -2*b + h + 929 = 0, 0 = 4*b - 3*b + w*h - 457. What are the prime factors of b?
463
Suppose -7349 - 19379 = -4*q. Suppose -15*u - q = -28*u. What are the prime factors of u?
2, 257
Let r = 8946 - 3531. What are the prime factors of r?
3, 5, 19
Let j(m) = -4*m**3 - 71*m**2 + 74*m - 424. Let c(r) = r**3 + 18*r**2 - 19*r + 106. Let u(l) = 9*c(l) + 2*j(l). List the prime factors of u(-19).
2, 113
Suppose -85 = -5*h + 95. Suppose 0 = 2*z - 21 + 25. What are the prime factors of z/(-3) - (-2316)/h?
5, 13
Let c(g) be the first derivative of 1376*g**3/3 - g**2 - 7*g - 191. List the prime factors of c(-1).
3, 457
Suppose 0 = -6*b + 230 - 2. Suppose -b*g + 15299 + 585 = 0. What are the prime factors of g?
2, 11, 19
Let h = 65 + -36. Let k = 30 - h. List the prime factors of (9/(-3) + 65)*k/2.
31
Suppose c - 2057 = -5*d, -10327 = -5*c - 0*c - 4*d. Let n = c + -1420. What are the prime factors of n?
647
Let s = -47 - 6. Let o = 250 - s. List the prime factors of o.
3, 101
Let y = 9013 + -209. List the prime factors of y.
2, 31, 71
Let v = -4140 - -9992. List the prime factors of v.
2, 7, 11, 19
Let p(r) = r**3 - r**2 - 21*r + 8. Let h be p(5). Suppose -6*c + 2*c - 4600 = -4*t, -3452 = -h*t + 5*c. What are the prime factors of t?
3, 383
Suppose -5*u + 4*l + 178969 = 0, -3*u - 2*l = -127437 + 20016. List the prime factors of u.
35801
Let y(w) = 763*w - 55. Let j(b) = -380*b + 28. Let p(i) = -5*j(i) - 3*y(i). What are the prime factors of p(-2)?
11, 73
Let m = -51800 + 75635. List the prime factors of m.
3, 5, 7, 227
What are the prime factors of 15*6/495 + 1032/11?
2, 47
List the prime factors of (-3 - (-110)/(-6))*1086/(-4).
2, 181
Suppose -11533 - 17158 = -13*d. List the prime factors of d.
2207
Let v(f) = -4*f + 3*f**2 + f**2 + 9*f - 1. List the prime factors of v(-4).
43
Suppose 13 - 5 = -3*u - 2*x, -2 = -3*u - 4*x. Let i(n) = -2*n + 4. Let f be i(4). What are the prime factors of 9/u*(f + -58)?
3, 31
Let r(w) = -4 + 2*w**3 - 11*w**2 - w + 4*w**2 + 5*w - 5*w**2. Let c be r(8). Suppose c = 2*s + 98. What are the prime factors of s?
3, 31
Let u(t) = 73*t + 2944. Let p be u(-36). Let f(z) = z**2 - 2*z - 3. Let o be f(-2). Suppose o*h = -2*i + p, 2*h - 7*h + 20 = 0. List the prime factors of i.
2, 37
Let w = 6714 + -2769. List the prime factors of w.
3, 5, 263
What are the prime factors of (-6 - -8) + 184235/(13 - 8)?
3, 71, 173
Let v = -7559 + 18524. What are the prime factors of v?
3, 5, 17, 43
List the prime factors of 20/(-300)*-11589*(17 - 2).
3, 3863
Let z(t) = t**2 + 2*t - 1. Let g be z(-7). Let i = 28 - g. Let n(r) = -3*r**3 - 15*r**2 - 4*r - 15. List the prime factors of n(i).
3, 13
Suppose -2*i = 109*c - 108*c - 16415, -3*i + 65625 = 4*c. List the prime factors of c.
3, 7, 11, 71
Suppose -11*f + 63781 = -19357. What are the prime factors of f?
2, 3779
Let f(v) be the second derivative of v**4/12 - v**3/3 - 5*v**2 + 18*v. Let y be f(5). Suppose y*j - j = 396. What are the prime factors of j?
3, 11
Let q be (-4)/(-2) + (-34)/(-17). Suppose 3*v + 180 = -2*r - 103, 0 = -3*v + 4*r - 289. What are the prime factors of q/38 + (-5120)/v?
2, 3
Let i(c) = 105*c**3 - 3*c**2 + 4*c - 4. Suppose -2*z = 2*r + 11 - 13, 5*z = 2*r - 9. What are the prime factors of i(r)?
2, 13
List the prime factors of 39488/2 - ((-294)/7)/(-14).
19, 1039
Suppose -3*m + 3 = 3*r, -4*m - 5 = -5*r + 9. Let h(z) = r*z + 17*z**2 - 7*z**2 + 7 + z**3 + 2*z. List the prime factors of h(-5).
2, 7
Suppose 33*p - 36*p = -114. Suppose 350 = 4*f - 5*t, -f - 4*t + 39 = -p. What are the prime factors of f?
5, 17
Let w(i) = -i**3 + 14*i**2 - i + 17. Let r be w(14). Suppose -2*t - 559 = -r*l + 2892, 5*t = -l + 1156. What are the prime factors of l?
1151
Suppose -52*j - 5*w + 31333 = -51*j, 0 = 2*w - 4. List the prime factors of j.
3, 53, 197
Suppose 0 = 3*s + r - 34, -s - r + 15 - 7 = 0. What are the prime factors of (-36)/(-468) + 4770/s?
367
Suppose 19*s - 797 + 265 = 0. Let k(b) = -b + 12*b - 87 + 3. What are the prime factors of k(s)?
2, 7
Suppose 2*r + 5*q - 56833 = 0, r + 65*q = 64*q + 28424. List the prime factors of r.
28429
Suppose -4*a + 398 = -242. Let t = a + -96. What are the prime factors of 